 divided by 22?
18
What is the remainder when 22953 is divided by 13?
8
Calculate the remainder when 70 is divided by 19.
13
Calculate the remainder when 2627 is divided by 701.
524
What is the remainder when 211 is divided by 49?
15
What is the remainder when 31 is divided by 13?
5
What is the remainder when 4045 is divided by 119?
118
Calculate the remainder when 603 is divided by 7.
1
Calculate the remainder when 509 is divided by 271.
238
Calculate the remainder when 111 is divided by 4.
3
Calculate the remainder when 171 is divided by 42.
3
What is the remainder when 187 is divided by 82?
23
What is the remainder when 134 is divided by 71?
63
Calculate the remainder when 4697 is divided by 261.
260
Calculate the remainder when 105 is divided by 73.
32
Calculate the remainder when 16873 is divided by 125.
123
What is the remainder when 332 is divided by 54?
8
Calculate the remainder when 4314 is divided by 13.
11
Calculate the remainder when 244 is divided by 85.
74
What is the remainder when 511 is divided by 103?
99
Calculate the remainder when 58 is divided by 21.
16
Calculate the remainder when 6359 is divided by 20.
19
What is the remainder when 1841 is divided by 43?
35
Calculate the remainder when 3314 is divided by 828.
2
What is the remainder when 670 is divided by 76?
62
Calculate the remainder when 124 is divided by 36.
16
Calculate the remainder when 3813 is divided by 12.
9
Calculate the remainder when 2734 is divided by 19.
17
Calculate the remainder when 7 is divided by 5.
2
Calculate the remainder when 288 is divided by 256.
32
What is the remainder when 52 is divided by 50?
2
Calculate the remainder when 492 is divided by 168.
156
Calculate the remainder when 80 is divided by 35.
10
What is the remainder when 158 is divided by 16?
14
Calculate the remainder when 490 is divided by 14.
0
What is the remainder when 4803 is divided by 23?
19
Calculate the remainder when 788 is divided by 114.
104
What is the remainder when 11653 is divided by 37?
35
What is the remainder when 151 is divided by 38?
37
Calculate the remainder when 27 is divided by 10.
7
Calculate the remainder when 2036 is divided by 89.
78
Calculate the remainder when 427 is divided by 13.
11
What is the remainder when 270 is divided by 20?
10
Calculate the remainder when 62517 is divided by 103.
99
Calculate the remainder when 1040 is divided by 255.
20
What is the remainder when 2351 is divided by 42?
41
Calculate the remainder when 236 is divided by 40.
36
What is the remainder when 429 is divided by 81?
24
Calculate the remainder when 380 is divided by 53.
9
What is the remainder when 372 is divided by 27?
21
What is the remainder when 1442 is divided by 13?
12
What is the remainder when 9 is divided by 5?
4
What is the remainder when 284 is divided by 203?
81
Calculate the remainder when 135 is divided by 32.
7
What is the remainder when 294 is divided by 43?
36
What is the remainder when 237 is divided by 69?
30
Calculate the remainder when 138 is divided by 73.
65
What is the remainder when 1342 is divided by 192?
190
Calculate the remainder when 130 is divided by 67.
63
What is the remainder when 8632 is divided by 14?
8
What is the remainder when 804 is divided by 134?
0
Calculate the remainder when 93 is divided by 19.
17
Calculate the remainder when 217 is divided by 132.
85
Calculate the remainder when 5 is divided by 3.
2
Calculate the remainder when 1874 is divided by 134.
132
Calculate the remainder when 27268 is divided by 45.
43
Calculate the remainder when 1317 is divided by 34.
25
What is the remainder when 1376 is divided by 203?
158
Calculate the remainder when 259 is divided by 127.
5
Calculate the remainder when 3324 is divided by 7.
6
What is the remainder when 414 is divided by 70?
64
Calculate the remainder when 4 is divided by 2.
0
What is the remainder when 796 is divided by 395?
6
Calculate the remainder when 31 is divided by 10.
1
Calculate the remainder when 1199 is divided by 291.
35
What is the remainder when 622 is divided by 245?
132
What is the remainder when 5 is divided by 2?
1
Calculate the remainder when 960 is divided by 192.
0
Calculate the remainder when 60 is divided by 18.
6
Calculate the remainder when 377 is divided by 14.
13
Calculate the remainder when 789 is divided by 42.
33
Calculate the remainder when 3103 is divided by 41.
28
What is the remainder when 695 is divided by 41?
39
Calculate the remainder when 84 is divided by 52.
32
What is the remainder when 983 is divided by 125?
108
What is the remainder when 5719 is divided by 88?
87
Calculate the remainder when 316 is divided by 62.
6
What is the remainder when 34 is divided by 20?
14
What is the remainder when 778 is divided by 227?
97
What is the remainder when 1076 is divided by 49?
47
Calculate the remainder when 954 is divided by 29.
26
Calculate the remainder when 1070 is divided by 472.
126
What is the remainder when 700 is divided by 54?
52
Calculate the remainder when 1 is divided by 1.
0
Calculate the remainder when 49 is divided by 18.
13
What is the remainder when 2150 is divided by 536?
6
What is the remainder when 145 is divided by 24?
1
Calculate the remainder when 210 is divided by 106.
104
What is the remainder when 5143 is divided by 28?
19
What is the remainder when 112 is divided by 42?
28
Calculate the remainder when 1598 is divided by 80.
78
What is the remainder when 251 is divided by 23?
21
What is the remainder when 370 is divided by 101?
67
What is the remainder when 56 is divided by 19?
18
What is the remainder when 1027 is divided by 1026?
1
Calculate the remainder when 1482 is divided by 165.
162
Calculate the remainder when 24 is divided by 21.
3
Calculate the remainder when 106 is divided by 11.
7
What is the remainder when 1019 is divided by 24?
11
What is the remainder when 113 is divided by 51?
11
Calculate the remainder when 368 is divided by 90.
8
What is the remainder when 827 is divided by 23?
22
Calculate the remainder when 98 is divided by 9.
8
What is the remainder when 180 is divided by 26?
24
Calculate the remainder when 145 is divided by 15.
10
Calculate the remainder when 262 is divided by 40.
22
What is the remainder when 497 is divided by 279?
218
Calculate the remainder when 3294 is divided by 1647.
0
Calculate the remainder when 1614 is divided by 81.
75
Calculate the remainder when 3785 is divided by 61.
3
What is the remainder when 120 is divided by 12?
0
Calculate the remainder when 189 is divided by 75.
39
What is the remainder when 1169 is divided by 49?
42
Calculate the remainder when 25975 is divided by 31.
28
What is the remainder when 765 is divided by 21?
9
What is the remainder when 336 is divided by 57?
51
Calculate the remainder when 21382 is divided by 22.
20
What is the remainder when 207 is divided by 25?
7
What is the remainder when 358 is divided by 19?
16
What is the remainder when 2201 is divided by 19?
16
Calculate the remainder when 295 is divided by 16.
7
Calculate the remainder when 231 is divided by 219.
12
Calculate the remainder when 366 is divided by 62.
56
Calculate the remainder when 233 is divided by 77.
2
Calculate the remainder when 206 is divided by 69.
68
What is the remainder when 64 is divided by 23?
18
Calculate the remainder when 105232 is divided by 13.
10
Calculate the remainder when 2445 is divided by 51.
48
What is the remainder when 6387 is divided by 17?
12
What is the remainder when 112 is divided by 19?
17
What is the remainder when 1230 is divided by 44?
42
Calculate the remainder when 565 is divided by 9.
7
What is the remainder when 593 is divided by 144?
17
What is the remainder when 1514 is divided by 19?
13
Calculate the remainder when 196 is divided by 66.
64
Calculate the remainder when 2051 is divided by 90.
71
What is the remainder when 11843 is divided by 282?
281
Calculate the remainder when 663 is divided by 48.
39
Calculate the remainder when 108 is divided by 30.
18
What is the remainder when 24397 is divided by 61?
58
What is the remainder when 23 is divided by 15?
8
Calculate the remainder when 1511 is divided by 42.
41
What is the remainder when 1006 is divided by 322?
40
Calculate the remainder when 780 is divided by 98.
94
Calculate the r